at is the highest common divisor of a and 44?
22
Suppose -5*y + 308 = -92. Suppose 0 = 2*a - a - y. Calculate the highest common factor of 10 and a.
10
Suppose 5*a - 3*x - 28 = 0, 4*a + x - 2*x - 28 = 0. Suppose 4*i - a = 2*i. What is the highest common factor of i and 4?
4
Let z be 4/(-8) - ((-73)/2 + 2). What is the highest common divisor of 170 and z?
34
Let x = -2 - -2. Suppose 3*t + 94 = k, x = -5*t + k + 91 - 245. Let f be ((-8)/6)/(4/t). Calculate the highest common divisor of f and 60.
10
Let b be (-2)/7 - 226/(-7). Let o = b - 18. Let j be (10/6)/((-1)/(-42)). What is the greatest common divisor of o and j?
14
Suppose 0*a + 48 = a. What is the greatest common divisor of 12 and a?
12
Let z be ((-5)/(-4))/(3/12). Suppose 2*y + z*j = 3*j + 48, -y + 29 = 2*j. Calculate the highest common factor of 152 and y.
19
Let w be ((-97)/1)/(1/(-1)). Suppose -z + w = -47. Suppose -2*t - 90 = -5*j, 4*t = 4*j - 0*t - 84. Calculate the highest common divisor of z and j.
16
Suppose i + 5*f = 6*i - 50, -f + 20 = 4*i. Calculate the greatest common divisor of i and 6.
6
Let m be 332/11 + 6/(-33). Calculate the greatest common factor of m and 6.
6
Let a be 2/((-9)/(-3) - 2). Let p be a/8 + 207/4. Calculate the highest common factor of p and 13.
13
Let h be 2/(-6) + (-70)/6. Let b = 27 - h. Let q = b + -6. What is the greatest common factor of q and 22?
11
Suppose -3*j = -5*x - 28, 4*j = 2*j - 8. Let w be (-158)/x + 5/20. Suppose 5*b = -w, -n + 3*n + 5*b = 12. What is the highest common factor of n and 160?
16
Suppose 4*d + 1 = -0*d + 5*f, d + 19 = -5*f. Let j = -6 - d. Let a be 1 - (1*-74 + j). Calculate the highest common factor of a and 7.
7
Let f be (-2 + 1)/(4/(-8)). Suppose -f*u = o - 24, -2*o + 54 = 5*u + 2*o. Calculate the highest common divisor of 2 and u.
2
Let p be (1 + -1 + -1)*-3. Suppose 4*l - 18 = -2*h, h - 13 = -0*h - p*l. Suppose -2*c - 32 = -6*c. What is the greatest common factor of c and h?
1
Let a(v) = -v**3 - 4*v**2 - 3*v + 1. Let j be a(-3). Suppose -6 = -3*i + 12. Calculate the highest common divisor of i and j.
1
Let g = 12 + -5. Let i(p) = p**3 - 5*p**2 - 3*p - 7. Let f be i(g). Calculate the highest common factor of f and 10.
10
Suppose 2*x = 24 - 8. Calculate the highest common divisor of 20 and x.
4
Let g be (20 - 0) + (-5 - -3). Suppose g = 5*x - 2. Suppose 0 = -3*a - 5*z + 75 + 91, -x*a = -4*z - 232. Calculate the highest common divisor of 19 and a.
19
Suppose 2*k + 46 = 5*v - v, -34 = -4*v - 2*k. What is the greatest common divisor of v and 4?
2
Let c(f) = -f**3 - 9*f**2 - 9*f - 8. Let i be c(-8). Suppose i = 4*u - 0*u - 72. What is the greatest common divisor of u and 144?
18
Let z = 19 - 4. Suppose 4*b - l = z, 3*b + 6 = l + 18. Suppose 144 = -v + b*v. What is the highest common factor of 12 and v?
12
Let j = 88 + -34. What is the greatest common divisor of j and 6?
6
Let v = 12 + -25. Let z = v - -19. Calculate the greatest common factor of 48 and z.
6
Let j(m) = 40*m + 36. Let u(r) = r + 1. Let z(a) = 2*j(a) - 72*u(a). Let n be z(1). Calculate the highest common factor of 88 and n.
8
Suppose -3*c + 102 + 108 = 0. Calculate the highest common factor of c and 10.
10
Let x be 1 - 1 - (-1 + 2). Let z(h) = -77*h. Let o be z(x). Let i(g) = 12*g - 1. Let u be i(1). What is the highest common factor of o and u?
11
Let d = -12 - 1. Let l be (4/(-6))/(d/936). What is the highest common divisor of l and 6?
6
Let g be (-1)/3 - (-662)/6. Let n be 8/16 + 6/4. Let i be (2 - (-4 - 2)) + n. What is the greatest common factor of i and g?
10
Let w(y) = -y**3 + 5*y**2 - 3*y + 3. Let z be w(2). Suppose 3*j + 5*p - 29 = 6, j + 3*p = z. Calculate the highest common divisor of 75 and j.
15
Suppose -5*u + 72 = -u + 4*s, 2*s = 0. Let a be (-4)/u - 368/(-36). What is the greatest common factor of a and 110?
10
Suppose 5*p + 4*c = 49, 2*c + 48 = 5*p + 5. Let z(t) = t**2 - t + 99. Let i be z(0). Calculate the highest common factor of i and p.
9
Suppose 0*q = -2*q - 4*x + 22, -2*q + 17 = 3*x. Let f(p) = -7*p + 1. Let t be f(2). Let u = 22 + t. Calculate the greatest common factor of q and u.
1
Let w(g) = -2*g + 14. Suppose -10 = 5*x + 20. Let u be w(x). What is the highest common divisor of u and 65?
13
Let t = 14 + -10. Calculate the highest common factor of t and 6.
2
Let d be 2*((-22)/(-4) - 1). Let u(v) = v**3 - 21*v**2 - 19*v + 33. Let l be u(22). What is the greatest common divisor of l and d?
9
Suppose n = -4*n + 2*b + 404, -n = 2*b - 76. Suppose -n = -h - a, a = -2*h - 3*a + 156. Suppose -14 = 4*u - h. What is the greatest common factor of 34 and u?
17
Let b = 2 - -3. Let d = 20 - 10. Calculate the highest common divisor of d and b.
5
Suppose 0 = 2*g + 2, 4*g = -5*q - g. Let n be -2 - q - -8 - 3. Calculate the greatest common divisor of n and 2.
2
Suppose -b - 14 = -69. What is the greatest common divisor of 11 and b?
11
Suppose 3*k = 4*w - k - 188, 2*k - 10 = 0. Let h = w + 18. Calculate the greatest common divisor of h and 28.
14
Suppose 0 = -5*f + 6*p - p + 1285, -4*p - 16 = 0. Calculate the highest common divisor of f and 23.
23
Suppose 5*c = 3*o + 360, 2*o + 325 - 109 = 3*c. Let n(v) = -v**2 - 7*v - 1. Let t be n(-5). What is the highest common divisor of t and c?
9
Let r = 21 - 30. Let t be (r/(-2) - 3)*6. Let p(m) = -m**3 - 3*m**2 + m - 3. Let g be p(-4). What is the greatest common divisor of g and t?
9
Suppose 0 = -5*v + 25, 4*v + 50 = 6*a - 4*a. Let x = a + -13. Calculate the greatest common divisor of x and 176.
22
Suppose 0 = -3*x - 2*a + 29, a + 26 = 4*x - x. What is the highest common factor of 45 and x?
9
Suppose o + o - 3*p + 4 = 0, 2*p = 2*o. Suppose 0 = -o*k + 3*l + 297, k + l = -0*k + 69. Calculate the greatest common divisor of 9 and k.
9
Let l(w) = 17*w**2 - 1. Let y be l(1). What is the highest common divisor of y and 40?
8
Let d(m) = -8*m**3 - m**2 + 3*m + 2. Let u be d(-2). What is the greatest common factor of u and 16?
8
Let v(g) = -g**2 - 13*g - 4. Let a be v(-9). Calculate the highest common divisor of a and 16.
16
Let t = 55 + -45. Calculate the highest common divisor of 30 and t.
10
Suppose 5*a + 40 = 5*p, -3*p + 16 = p + 4*a. What is the highest common divisor of 9 and p?
3
Suppose 0 = -4*b - 2*s + 102, -3*b + 24 = 5*s - 70. Let k be 1/(0 + 2/24). Suppose k + b = u. What is the greatest common factor of 5 and u?
5
Suppose -5*v - x + 6*x + 95 = 0, -v = 3*x - 19. Let n be 97/5 + 2/(-5). What is the greatest common divisor of v and n?
19
Let v(l) = -l**2 - 8*l + 11. Let m be v(-8). Let x be (-22)/4*(1 + -3). Calculate the highest common divisor of m and x.
11
Suppose -3*g + 273 = -255. Calculate the greatest common divisor of g and 22.
22
Suppose 2*z = x + 11, 2*z + 4 = 6*x - 2*x. Suppose -60 + z = -4*g. What is the greatest common divisor of 13 and g?
13
Suppose -3*z - 3*r = -0*r - 93, -3*r = -12. Calculate the greatest common divisor of z and 18.
9
Let p be -6 - -21 - (3 - 3). What is the highest common factor of 15 and p?
15
Let r(c) = -2*c - 3. Let o be r(-5). Let j be (o - 4)*(-5 - -1). Let b = 33 + j. What is the greatest common divisor of 3 and b?
3
Suppose -4*a + 13 + 11 = 0. Let o be (-16)/4*(-2)/4. Suppose -72 = -h - o*h. What is the highest common factor of a and h?
6
Let h(t) = -t**3 - 4*t**2 + 4*t - 3. Let d = -8 + 3. Let m be h(d). Suppose -2*a - 3*a = -5. Calculate the highest common divisor of m and a.
1
Suppose -l - 15 = -6*l, -159 = -5*q - 3*l. What is the greatest common divisor of q and 6?
6
Let x be (-1 - -2)*(-3 + 7). Calculate the highest common divisor of x and 4.
4
Let c(b) be the second derivative of -2*b**3/3 - b. Let r be c(-6). What is the greatest common divisor of 16 and r?
8
Suppose 0 = 4*s + 2*n - 218, -5*n = -9 - 16. What is the greatest common divisor of s and 13?
13
Suppose 4*p = -4*a - 20, 7*a = 3*a + 2*p - 8. Suppose -5*o = -4*y - 167, -4*o + 37 = -3*o - 2*y. Let x = o + a. Calculate the highest common factor of 4 and x.
4
Suppose 5*o + 33 = i - 0, -o = 4. Suppose 5*l = b + 405 + 311, -b = 1. What is the highest common divisor of l and i?
13
Let x(b) = -96*b + 16. Let y(s) = s - 1. Let c(d) = 2*x(d) + 32*y(d). Let m be c(-1). What is the highest common factor of 20 and m?
20
Let s(f) = -48*f**3 + f**2 + 2*f + 1. Let u be s(-1). What is the highest common divisor of u and 6?
